{"id":43540,"date":"2024-01-19T18:05:11","date_gmt":"2024-01-19T18:05:11","guid":{"rendered":"https:\/\/aja.pt\/?post_type=product&#038;p=43540"},"modified":"2024-01-19T18:44:05","modified_gmt":"2024-01-19T18:44:05","slug":"lp-eu-vou-ser-como-a-toupeira-copia","status":"publish","type":"product","link":"https:\/\/aja.pt\/en\/produto\/lp-eu-vou-ser-como-a-toupeira-copia\/","title":{"rendered":"LP Eu vou ser como a toupeira"},"content":{"rendered":"<p><strong><a href=\"https:\/\/aja.pt\/discografia\/eu-vou-ser-como-a-toupeira-1972\/\" target=\"_blank\" rel=\"noopener\">Conhe\u00e7a este disco na p\u00e1gina dedicada da discografia.<\/a><\/strong><\/p>\n<p>A casa de \u201cA Morte Saiu \u00e0 Rua\u201d \u00e9 um tratado de como ser pol\u00edtico sem ser panflet\u00e1rio, num disco que continua fresco, l\u00edrico e incontorn\u00e1vel. Conta com alguns dos temas mais marcantes da carreira de Jos\u00e9 Afonso. Acima de todos, aquele que abre o disco, \u201cA Morte Saiu \u00e0 Rua\u201d. Uma homenagem pouco velada ao pintor e militante anti-fascista Dias Coelho, barbaramente assassinado pela PIDE em 1961. Mas tamb\u00e9m a del\u00edcia mel\u00f3dica de \u201cNo Comboio Descendente\u201d, com base num poema de Fernando Pessoa. Ou na faixa-t\u00edtulo, em que Zeca se inspira no exemplo da toupeira, que no escuro conspira e esburaca, fora da vista mas sempre a trabalhar. E se aqui h\u00e1, naturalmente, pol\u00edtica, h\u00e1 tamb\u00e9m o resto do Zeca. O Zeca popular, enamorado com a m\u00fasica tradicional portuguesa e pintalgada com os sons e ritmos africanos de que tanto gostava. Nesse sentido, \u201c\u00d3 Ti Alves\u201d tanto nos leva a uma manh\u00e3 fria nos A\u00e7ores como aos c\u00e2nticos despidos de \u00c1frica.<\/p>\n","protected":false},"excerpt":{"rendered":"<p><strong><a href=\"https:\/\/aja.pt\/discografia\/eu-vou-ser-como-a-toupeira-1972\/\" target=\"_blank\" rel=\"noopener\">Conhe\u00e7a este disco na p\u00e1gina dedicada da discografia.<\/a><\/strong><\/p>\n<p><span>A casa de \u201cA Morte Saiu \u00e0 Rua\u201d \u00e9 um tratado de como ser pol\u00edtico sem ser panflet\u00e1rio, num disco que continua fresco, l\u00edrico e incontorn\u00e1vel. <\/span><\/p>\n","protected":false},"featured_media":43535,"template":"","meta":[],"product_cat":[69],"product_tag":[],"_links":{"self":[{"href":"https:\/\/aja.pt\/en\/wp-json\/wp\/v2\/product\/43540"}],"collection":[{"href":"https:\/\/aja.pt\/en\/wp-json\/wp\/v2\/product"}],"about":[{"href":"https:\/\/aja.pt\/en\/wp-json\/wp\/v2\/types\/product"}],"wp:featuredmedia":[{"embeddable":true,"href":"https:\/\/aja.pt\/en\/wp-json\/wp\/v2\/media\/43535"}],"wp:attachment":[{"href":"https:\/\/aja.pt\/en\/wp-json\/wp\/v2\/media?parent=43540"}],"wp:term":[{"taxonomy":"product_cat","embeddable":true,"href":"https:\/\/aja.pt\/en\/wp-json\/wp\/v2\/product_cat?post=43540"},{"taxonomy":"product_tag","embeddable":true,"href":"https:\/\/aja.pt\/en\/wp-json\/wp\/v2\/product_tag?post=43540"}],"curies":[{"name":"wp","href":"https:\/\/api.w.org\/{rel}","templated":true}]}}

<p><strong><a href="https://aja.pt/discografia/eu-vou-ser-como-a-toupeira-1972/" target="_blank" rel="noopener">Conheça este disco na página dedicada da discografia.</a></strong></p>
<p>A casa de “A Morte Saiu à Rua” é um tratado de como ser político sem ser panfletário, num disco que continua fresco, lírico e incontornável. Conta com alguns dos temas mais marcantes da carreira de José Afonso. Acima de todos, aquele que abre o disco, “A Morte Saiu à Rua”. Uma homenagem pouco velada ao pintor e militante anti-fascista Dias Coelho, barbaramente assassinado pela PIDE em 1961. Mas também a delícia melódica de “No Comboio Descendente”, com base num poema de Fernando Pessoa. Ou na faixa-título, em que Zeca se inspira no exemplo da toupeira, que no escuro conspira e esburaca, fora da vista mas sempre a trabalhar. E se aqui há, naturalmente, política, há também o resto do Zeca. O Zeca popular, enamorado com a música tradicional portuguesa e pintalgada com os sons e ritmos africanos de que tanto gostava. Nesse sentido, “Ó Ti Alves” tanto nos leva a uma manhã fria nos Açores como aos cânticos despidos de África.</p>

<p><strong><a href="https://aja.pt/discografia/eu-vou-ser-como-a-toupeira-1972/" target="_blank" rel="noopener">Conheça este disco na página dedicada da discografia.</a></strong></p>
<p><span>A casa de “A Morte Saiu à Rua” é um tratado de como ser político sem ser panfletário, num disco que continua fresco, lírico e incontornável. </span></p>
