{"id":40407,"date":"2022-11-10T17:21:26","date_gmt":"2022-11-10T17:21:26","guid":{"rendered":"https:\/\/aja.pt\/?post_type=product&#038;p=40407"},"modified":"2024-04-20T15:40:51","modified_gmt":"2024-04-20T15:40:51","slug":"manuscrito-nao-e-meu-bem","status":"publish","type":"product","link":"https:\/\/aja.pt\/en\/produto\/manuscrito-nao-e-meu-bem\/","title":{"rendered":"Manuscrito &#8220;N\u00e3o \u00e9 meu bem&#8221;"},"content":{"rendered":"<p>Reprodu\u00e7\u00e3o do manuscrito de Jos\u00e9 Afonso com o poema &#8220;N\u00e3o \u00e9 meu bem&#8221; que viria a integrar o\u00a0<a href=\"https:\/\/aja.pt\/discografia\/fura-fura\/\">LP Fura fura, 1979.<\/a><\/p>\n","protected":false},"excerpt":{"rendered":"<p>Reprodu\u00e7\u00e3o do manuscrito de Jos\u00e9 Afonso com o poema &#8220;N\u00e3o \u00e9 meu bem&#8221; que viria a integrar o\u00a0<a href=\"https:\/\/aja.pt\/discografia\/fura-fura\/\">LP Fura fura, 1979.<\/a><\/p>\n","protected":false},"featured_media":40413,"template":"","meta":[],"product_cat":[389],"product_tag":[],"_links":{"self":[{"href":"https:\/\/aja.pt\/en\/wp-json\/wp\/v2\/product\/40407"}],"collection":[{"href":"https:\/\/aja.pt\/en\/wp-json\/wp\/v2\/product"}],"about":[{"href":"https:\/\/aja.pt\/en\/wp-json\/wp\/v2\/types\/product"}],"wp:featuredmedia":[{"embeddable":true,"href":"https:\/\/aja.pt\/en\/wp-json\/wp\/v2\/media\/40413"}],"wp:attachment":[{"href":"https:\/\/aja.pt\/en\/wp-json\/wp\/v2\/media?parent=40407"}],"wp:term":[{"taxonomy":"product_cat","embeddable":true,"href":"https:\/\/aja.pt\/en\/wp-json\/wp\/v2\/product_cat?post=40407"},{"taxonomy":"product_tag","embeddable":true,"href":"https:\/\/aja.pt\/en\/wp-json\/wp\/v2\/product_tag?post=40407"}],"curies":[{"name":"wp","href":"https:\/\/api.w.org\/{rel}","templated":true}]}}

Manuscrito &#8220;Não é meu bem&#8221;

<p>Reprodução do manuscrito de José Afonso com o poema &#8220;Não é meu bem&#8221; que viria a integrar o <a href="https://aja.pt/discografia/fura-fura/">LP Fura fura, 1979.</a></p>
