{"id":38771,"date":"2022-04-27T16:36:09","date_gmt":"2022-04-27T16:36:09","guid":{"rendered":"https:\/\/aja.pt\/?post_type=product&#038;p=38771"},"modified":"2023-02-25T12:09:20","modified_gmt":"2023-02-25T12:09:20","slug":"dvd-rosas-de-ermera","status":"publish","type":"product","link":"https:\/\/aja.pt\/en\/produto\/dvd-rosas-de-ermera\/","title":{"rendered":"DVD Rosas de Ermera"},"content":{"rendered":"<p>Poucos meses antes da Segunda Guerra Mundial, uma fam\u00edlia separa-se em Louren\u00e7o Marques: Maria vai para Timor, os irm\u00e3os Jo\u00e3o e Jos\u00e9 (depois conhecido por Zeca Afonso) v\u00e3o para Coimbra, para continuarem os estudos. Com o alastrar do conflito ao Pac\u00edfico e a invas\u00e3o de Timor pelo Jap\u00e3o, as comunica\u00e7\u00f5es cessam e os tr\u00eas anos no campo de concentra\u00e7\u00e3o fazem temer o pior. Em Rosas de Ermera, partindo das mem\u00f3rias dos irm\u00e3os de Jos\u00e9 Afonso, Lu\u00eds Filipe Rocha conta uma aventura familiar numa \u00e9poca funesta da hist\u00f3ria de Portugal.<\/p>\n<p><a href=\"https:\/\/vimeo.com\/261860022?embedded=true&amp;source=video_title&amp;owner=18483069\" target=\"_blank\" rel=\"noopener\">VER EXCERTO<\/a><\/p>\n","protected":false},"excerpt":{"rendered":"<p><span>Em Rosas de Ermera, partindo das mem\u00f3rias dos irm\u00e3os de Jos\u00e9 Afonso, Lu\u00eds Filipe Rocha conta uma aventura familiar numa \u00e9poca funesta da hist\u00f3ria de Portugal.<\/span><\/p>\n","protected":false},"featured_media":38797,"template":"","meta":[],"product_cat":[389],"product_tag":[],"_links":{"self":[{"href":"https:\/\/aja.pt\/en\/wp-json\/wp\/v2\/product\/38771"}],"collection":[{"href":"https:\/\/aja.pt\/en\/wp-json\/wp\/v2\/product"}],"about":[{"href":"https:\/\/aja.pt\/en\/wp-json\/wp\/v2\/types\/product"}],"wp:featuredmedia":[{"embeddable":true,"href":"https:\/\/aja.pt\/en\/wp-json\/wp\/v2\/media\/38797"}],"wp:attachment":[{"href":"https:\/\/aja.pt\/en\/wp-json\/wp\/v2\/media?parent=38771"}],"wp:term":[{"taxonomy":"product_cat","embeddable":true,"href":"https:\/\/aja.pt\/en\/wp-json\/wp\/v2\/product_cat?post=38771"},{"taxonomy":"product_tag","embeddable":true,"href":"https:\/\/aja.pt\/en\/wp-json\/wp\/v2\/product_tag?post=38771"}],"curies":[{"name":"wp","href":"https:\/\/api.w.org\/{rel}","templated":true}]}}

<p>Poucos meses antes da Segunda Guerra Mundial, uma família separa-se em Lourenço Marques: Maria vai para Timor, os irmãos João e José (depois conhecido por Zeca Afonso) vão para Coimbra, para continuarem os estudos. Com o alastrar do conflito ao Pacífico e a invasão de Timor pelo Japão, as comunicações cessam e os três anos no campo de concentração fazem temer o pior. Em Rosas de Ermera, partindo das memórias dos irmãos de José Afonso, Luís Filipe Rocha conta uma aventura familiar numa época funesta da história de Portugal.</p>
<p><a href="https://vimeo.com/261860022?embedded=true&amp;source=video_title&amp;owner=18483069" target="_blank" rel="noopener">VER EXCERTO</a></p>

<p><span>Em Rosas de Ermera, partindo das memórias dos irmãos de José Afonso, Luís Filipe Rocha conta uma aventura familiar numa época funesta da história de Portugal.</span></p>
