{"id":37422,"date":"2022-02-27T14:32:21","date_gmt":"2022-02-27T14:32:21","guid":{"rendered":"https:\/\/aja.pt\/?post_type=product&#038;p=37422"},"modified":"2022-03-04T15:29:05","modified_gmt":"2022-03-04T15:29:05","slug":"o-rosto-da-utopia","status":"publish","type":"product","link":"https:\/\/aja.pt\/en\/produto\/o-rosto-da-utopia\/","title":{"rendered":"O rosto da utopia"},"content":{"rendered":"<p><span data-offset-key=\"em7pa-0-0\">Este livro re\u00fane entrevistas, <\/span><span>fotografias<\/span><span data-offset-key=\"em7pa-2-0\"> e poemas manuscritos por Jos\u00e9 Afonso. \u00c9 uma mem\u00f3ria viva do cantor, do poeta, do combatente anti-fascista e do revolucion\u00e1rio que foi Zeca Afonso, que, como diz o pr\u00f3prio autor, \u201c\u00e9 um homem demasiado grande para caber num simples \u00e1lbum\u201d. <\/span><\/p>\n","protected":false},"excerpt":{"rendered":"<p><span data-offset-key=\"em7pa-0-0\">Este livro re\u00fane entrevistas, <\/span><span>fotografias<\/span><span data-offset-key=\"em7pa-2-0\"> e poemas manuscritos por Jos\u00e9 Afonso. \u00c9 uma mem\u00f3ria viva do cantor, do poeta, do combatente anti-fascista e do revolucion\u00e1rio que foi Zeca Afonso, que, como diz o pr\u00f3prio autor, \u201c\u00e9 um homem demasiado grande para caber num simples \u00e1lbum\u201d. <\/span><\/p>\n","protected":false},"featured_media":37455,"template":"","meta":[],"product_cat":[62],"product_tag":[],"_links":{"self":[{"href":"https:\/\/aja.pt\/en\/wp-json\/wp\/v2\/product\/37422"}],"collection":[{"href":"https:\/\/aja.pt\/en\/wp-json\/wp\/v2\/product"}],"about":[{"href":"https:\/\/aja.pt\/en\/wp-json\/wp\/v2\/types\/product"}],"wp:featuredmedia":[{"embeddable":true,"href":"https:\/\/aja.pt\/en\/wp-json\/wp\/v2\/media\/37455"}],"wp:attachment":[{"href":"https:\/\/aja.pt\/en\/wp-json\/wp\/v2\/media?parent=37422"}],"wp:term":[{"taxonomy":"product_cat","embeddable":true,"href":"https:\/\/aja.pt\/en\/wp-json\/wp\/v2\/product_cat?post=37422"},{"taxonomy":"product_tag","embeddable":true,"href":"https:\/\/aja.pt\/en\/wp-json\/wp\/v2\/product_tag?post=37422"}],"curies":[{"name":"wp","href":"https:\/\/api.w.org\/{rel}","templated":true}]}}

<p><span data-offset-key="em7pa-0-0">Este livro reúne entrevistas, </span><span>fotografias</span><span data-offset-key="em7pa-2-0"> e poemas manuscritos por José Afonso. É uma memória viva do cantor, do poeta, do combatente anti-fascista e do revolucionário que foi Zeca Afonso, que, como diz o próprio autor, “é um homem demasiado grande para caber num simples álbum”. </span></p>
