{"id":29553,"date":"2022-01-18T18:14:30","date_gmt":"2022-01-18T18:14:30","guid":{"rendered":"https:\/\/aja.pt\/?post_type=product&#038;p=29553"},"modified":"2025-11-28T10:41:53","modified_gmt":"2025-11-28T10:41:53","slug":"as-vezes-nao-tenho-jeito","status":"publish","type":"product","link":"https:\/\/aja.pt\/en\/produto\/as-vezes-nao-tenho-jeito\/","title":{"rendered":"\u00c0s vezes n\u00e3o tenho jeito para falar de amigos"},"content":{"rendered":"<p>Revista comemorativa dos 25 anos da AJA. Conta com v\u00e1rios depoimentos sobre a vida e obra de Jos\u00e9 Afonso e o percurso da Associa\u00e7\u00e3o Jos\u00e9 Afonso.<\/p>\n","protected":false},"excerpt":{"rendered":"<p>Revista comemorativa dos 25 anos da AJA. Conta com v\u00e1rios depoimentos sobre a vida e obra de Jos\u00e9 Afonso e o percurso da Associa\u00e7\u00e3o Jos\u00e9 Afonso.<\/p>\n","protected":false},"featured_media":29555,"template":"","meta":[],"product_cat":[62],"product_tag":[],"_links":{"self":[{"href":"https:\/\/aja.pt\/en\/wp-json\/wp\/v2\/product\/29553"}],"collection":[{"href":"https:\/\/aja.pt\/en\/wp-json\/wp\/v2\/product"}],"about":[{"href":"https:\/\/aja.pt\/en\/wp-json\/wp\/v2\/types\/product"}],"wp:featuredmedia":[{"embeddable":true,"href":"https:\/\/aja.pt\/en\/wp-json\/wp\/v2\/media\/29555"}],"wp:attachment":[{"href":"https:\/\/aja.pt\/en\/wp-json\/wp\/v2\/media?parent=29553"}],"wp:term":[{"taxonomy":"product_cat","embeddable":true,"href":"https:\/\/aja.pt\/en\/wp-json\/wp\/v2\/product_cat?post=29553"},{"taxonomy":"product_tag","embeddable":true,"href":"https:\/\/aja.pt\/en\/wp-json\/wp\/v2\/product_tag?post=29553"}],"curies":[{"name":"wp","href":"https:\/\/api.w.org\/{rel}","templated":true}]}}

Às vezes não tenho jeito para falar de amigos

<p>Revista comemorativa dos 25 anos da AJA. Conta com vários depoimentos sobre a vida e obra de José Afonso e o percurso da Associação José Afonso.</p>
