{"id":27497,"date":"2022-01-05T16:55:53","date_gmt":"2022-01-05T16:55:53","guid":{"rendered":"https:\/\/aja.pt\/?post_type=product&#038;p=27497"},"modified":"2022-02-17T22:10:24","modified_gmt":"2022-02-17T22:10:24","slug":"desta-cancao-que-apeteco","status":"publish","type":"product","link":"https:\/\/aja.pt\/en\/produto\/desta-cancao-que-apeteco\/","title":{"rendered":"Desta Can\u00e7\u00e3o que Apete\u00e7o"},"content":{"rendered":"<p>Cat\u00e1logo da exposi\u00e7\u00e3o \u201cDesta can\u00e7\u00e3o que apete\u00e7o \u2013 Obra discogr\u00e1fica de Jos\u00e9 Afonso 1953\/\/1985\u201d. Livro que re\u00fane pela primeira vez toda a discografia de Jos\u00e9 Afonso.<\/p>\n","protected":false},"excerpt":{"rendered":"<p>Cat\u00e1logo da exposi\u00e7\u00e3o \u201cDesta can\u00e7\u00e3o que apete\u00e7o \u2013 Obra discogr\u00e1fica de Jos\u00e9 Afonso 1953\/\/1985\u201d. Livro que re\u00fane pela primeira vez toda a discografia de Jos\u00e9 Afonso.<\/p>\n","protected":false},"featured_media":27467,"template":"","meta":[],"product_cat":[62],"product_tag":[],"_links":{"self":[{"href":"https:\/\/aja.pt\/en\/wp-json\/wp\/v2\/product\/27497"}],"collection":[{"href":"https:\/\/aja.pt\/en\/wp-json\/wp\/v2\/product"}],"about":[{"href":"https:\/\/aja.pt\/en\/wp-json\/wp\/v2\/types\/product"}],"wp:featuredmedia":[{"embeddable":true,"href":"https:\/\/aja.pt\/en\/wp-json\/wp\/v2\/media\/27467"}],"wp:attachment":[{"href":"https:\/\/aja.pt\/en\/wp-json\/wp\/v2\/media?parent=27497"}],"wp:term":[{"taxonomy":"product_cat","embeddable":true,"href":"https:\/\/aja.pt\/en\/wp-json\/wp\/v2\/product_cat?post=27497"},{"taxonomy":"product_tag","embeddable":true,"href":"https:\/\/aja.pt\/en\/wp-json\/wp\/v2\/product_tag?post=27497"}],"curies":[{"name":"wp","href":"https:\/\/api.w.org\/{rel}","templated":true}]}}

Desta Canção que Apeteço

<p>Catálogo da exposição “Desta canção que apeteço – Obra discográfica de José Afonso 1953//1985”. Livro que reúne pela primeira vez toda a discografia de José Afonso.</p>
