{"id":27493,"date":"2022-01-05T16:45:32","date_gmt":"2022-01-05T16:45:32","guid":{"rendered":"https:\/\/aja.pt\/?post_type=product&#038;p=27493"},"modified":"2024-08-06T15:54:24","modified_gmt":"2024-08-06T15:54:24","slug":"o-tempo-e-o-modo","status":"publish","type":"product","link":"https:\/\/aja.pt\/en\/produto\/o-tempo-e-o-modo\/","title":{"rendered":"Jos\u00e9 Afonso &#8211; O tempo e o modo"},"content":{"rendered":"<p>Breve hist\u00f3ria cronol\u00f3gica ilustrada da vida e obra do poeta, cantor e andarilho, que sincroniza, simultaneamente, os acontecimentos culturais e pol\u00edticos mais relevantes a n\u00edvel nacional e internacional.<\/p>\n","protected":false},"excerpt":{"rendered":"<p>Breve hist\u00f3ria cronol\u00f3gica ilustrada da vida e obra do poeta, cantor e andarilho, que sincroniza, simultaneamente, os acontecimentos culturais e pol\u00edticos mais relevantes a n\u00edvel nacional e internacional.<\/p>\n","protected":false},"featured_media":42167,"template":"","meta":[],"product_cat":[62],"product_tag":[],"_links":{"self":[{"href":"https:\/\/aja.pt\/en\/wp-json\/wp\/v2\/product\/27493"}],"collection":[{"href":"https:\/\/aja.pt\/en\/wp-json\/wp\/v2\/product"}],"about":[{"href":"https:\/\/aja.pt\/en\/wp-json\/wp\/v2\/types\/product"}],"wp:featuredmedia":[{"embeddable":true,"href":"https:\/\/aja.pt\/en\/wp-json\/wp\/v2\/media\/42167"}],"wp:attachment":[{"href":"https:\/\/aja.pt\/en\/wp-json\/wp\/v2\/media?parent=27493"}],"wp:term":[{"taxonomy":"product_cat","embeddable":true,"href":"https:\/\/aja.pt\/en\/wp-json\/wp\/v2\/product_cat?post=27493"},{"taxonomy":"product_tag","embeddable":true,"href":"https:\/\/aja.pt\/en\/wp-json\/wp\/v2\/product_tag?post=27493"}],"curies":[{"name":"wp","href":"https:\/\/api.w.org\/{rel}","templated":true}]}}

José Afonso &#8211; O tempo e o modo

<p>Breve história cronológica ilustrada da vida e obra do poeta, cantor e andarilho, que sincroniza, simultaneamente, os acontecimentos culturais e políticos mais relevantes a nível nacional e internacional.</p>
