{"id":36562,"date":"2022-02-24T15:45:09","date_gmt":"2022-02-24T15:45:09","guid":{"rendered":"https:\/\/aja.pt\/?page_id=36562"},"modified":"2024-05-11T17:21:10","modified_gmt":"2024-05-11T17:21:10","slug":"perguntas-frequentes","status":"publish","type":"page","link":"https:\/\/aja.pt\/en\/perguntas-frequentes\/","title":{"rendered":"perguntas frequentes"},"content":{"rendered":"\t\t<div data-elementor-type=\"wp-page\" data-elementor-id=\"36562\" class=\"elementor elementor-36562\" data-elementor-settings=\"[]\">\n\t\t\t\t\t\t\t<div class=\"elementor-section-wrap\">\n\t\t\t\t\t\t\t<section class=\"elementor-section elementor-top-section elementor-element elementor-element-21608e8 elementor-section-boxed elementor-section-height-default elementor-section-height-default\" data-id=\"21608e8\" data-element_type=\"section\">\n\t\t\t\t\t\t<div class=\"elementor-container elementor-column-gap-default\">\n\t\t\t\t\t<div class=\"elementor-column elementor-col-100 elementor-top-column elementor-element elementor-element-d2d8438\" data-id=\"d2d8438\" data-element_type=\"column\">\n\t\t\t<div class=\"elementor-widget-wrap elementor-element-populated\">\n\t\t\t\t\t\t\t\t<div class=\"elementor-element elementor-element-b71cc88 elementor-view-default elementor-widget elementor-widget-wgl-toggle-accordion\" data-id=\"b71cc88\" data-element_type=\"widget\" data-widget_type=\"wgl-toggle-accordion.default\">\n\t\t\t\t<div class=\"elementor-widget-container\">\n\t\t\t<div class=\"wgl-accordion icon-plus\" id=\"wgl-accordion-b71cc88\" data-type=\"toggle\"><div class=\"wgl-accordion_panel\"><h4 id=\"wgl-accordion_header-1921\" class=\"wgl-accordion_header\" data-default=\"\"><span class=\"wgl-accordion_title\">Quem foi Jos\u00e9 Afonso?<\/span><i class=\"wgl-accordion_icon elementor-icon \"><\/i><\/h4><div class=\"wgl-accordion_content\"><p>Jos\u00e9 Afonso foi m\u00fasico, compositor, poeta e professor. A sua obra reflete um lirismo consciente e popular e a sua vida \u00e9 marcada por uma atitude cr\u00edtica e atenta ao mundo como espelha a sua poesia e m\u00fasica. Cidad\u00e3o ativo, convicto e comprometido com ideais da liberdade e igualdade entre todos os humanos, bateu-se pela emancipa\u00e7\u00e3o dos oprimidos, por um mundo justo, tanto enquanto docente, como enquanto artista.\u00a0<br \/>Do fado coimbr\u00e3o passou a uma nova forma de tocar e cantar a que se convencionou chamar a \"balada\", com \u00abMenino de Ouro\u00bb, em 1962, e da\u00ed \u00e0 can\u00e7\u00e3o de interven\u00e7\u00e3o pol\u00edtica, de que s\u00e3o exemplo \u00abMenino do Bairro Negro\u00bb e \u00abOs Vampiros\u00bb, em 1963. Superando fronteiras tem\u00e1ticas e musicais manteve-se sempre como cantor-compositor de grande criatividade e de profunda sensibilidade, divulgando a can\u00e7\u00e3o popular com novas interpreta\u00e7\u00f5es, compondo com a mesma qualidade e mestria, ora can\u00e7\u00f5es de um lirismo tocante ora abordando temas de manifesto empenhamento pol\u00edtico, express\u00e3o da sua solidariedade para com a causa dos explorados e oprimidos.\u00a0<\/p><\/div><\/div><div class=\"wgl-accordion_panel\"><h4 id=\"wgl-accordion_header-1922\" class=\"wgl-accordion_header\" data-default=\"\"><span class=\"wgl-accordion_title\">O que \u00e9 a Associa\u00e7\u00e3o Jos\u00e9 Afonso?<\/span><i class=\"wgl-accordion_icon elementor-icon \"><\/i><\/h4><div class=\"wgl-accordion_content\"><p><span>A Associa\u00e7\u00e3o Jos\u00e9 Afonso \u00e9 uma associa\u00e7\u00e3o cultural e c\u00edvica, n\u00e3o confessional, formada em torno da mem\u00f3ria e do exemplo de Jos\u00e9 Afonso, evocado no dia da apresenta\u00e7\u00e3o p\u00fablica ocorrida em 18 de Novembro de 1987, enquanto artista-militante, expoente de cultura aberta e universalizante, combatente de todas as causas verdadeiramente solid\u00e1rias, como Homem, enfim. <a href=\"https:\/\/aja.pt\/quem-somos\/\">Saiba mais aqui<\/a>.<\/span><\/p><\/div><\/div><div class=\"wgl-accordion_panel\"><h4 id=\"wgl-accordion_header-1923\" class=\"wgl-accordion_header\" data-default=\"\"><span class=\"wgl-accordion_title\">Tenho material que gostaria de oferecer ao Centro de Documenta\u00e7\u00e3o da Associa\u00e7\u00e3o. Como faz\u00ea-lo?<\/span><i class=\"wgl-accordion_icon elementor-icon \"><\/i><\/h4><div class=\"wgl-accordion_content\"><p><span>Agradecemos todas as doa\u00e7\u00f5es. Podemos deslocar-nos ou receber o material por e-mail ou presencialmente na sede nacional em Set\u00fabal.<br \/><\/span><span>Podemos guardar material s\u00f3 para arquivo, fazer c\u00f3pias\/digitaliza\u00e7\u00f5es, ou com autoriza\u00e7\u00e3o dos propriet\u00e1rios, tornar o material dispon\u00edvel ao p\u00fablico.<\/span>\u00a0<\/p><\/div><\/div><div class=\"wgl-accordion_panel\"><h4 id=\"wgl-accordion_header-1924\" class=\"wgl-accordion_header\" data-default=\"\"><span class=\"wgl-accordion_title\">Como proceder para aceder aos arquivos do Centro de Documenta\u00e7\u00e3o?<\/span><i class=\"wgl-accordion_icon elementor-icon \"><\/i><\/h4><div class=\"wgl-accordion_content\"><p>A Associa\u00e7\u00e3o Jos\u00e9 Afonso conserva e tem organizado um acervo relacionado com a obra e vida de Jos\u00e9 Afonso, mas tamb\u00e9m das \u00e1reas culturais em que o mesmo se envolveu, assim como da \u00e9poca hist\u00f3rica e pol\u00edtica em que Zeca viveu. O arquivo est\u00e1 aberto ao p\u00fablico. Para sua consulta basta contactar-nos a solicitar uma visita.<\/p><\/div><\/div><div class=\"wgl-accordion_panel\"><h4 id=\"wgl-accordion_header-1925\" class=\"wgl-accordion_header\" data-default=\"\"><span class=\"wgl-accordion_title\">Como solicitar a instala\u00e7\u00e3o de uma exposi\u00e7\u00e3o sobre a vida e a obra de Jos\u00e9 Afonso?<\/span><i class=\"wgl-accordion_icon elementor-icon \"><\/i><\/h4><div class=\"wgl-accordion_content\"><p>A Associa\u00e7\u00e3o Jos\u00e9 Afonso tem exposi\u00e7\u00f5es que contextualizam a obra e vida de Jos\u00e9 Afonso. Todas as exposi\u00e7\u00f5es referidas na nossa p\u00e1gina podem ser requeridas para instala\u00e7\u00e3o por parte de entidades p\u00fablicas ou privadas (culturais, desportivas, estudantis, c\u00e2maras municipais, juntas de freguesia, por exemplo) atrav\u00e9s dos meios de contacto da associa\u00e7\u00e3o, nomeadamente site, email, redes sociais, telefone e correio postal. As mesmas devem ser levantadas e entregues na sede nacional da AJA em Set\u00fabal.<\/p><\/div><\/div><div class=\"wgl-accordion_panel\"><h4 id=\"wgl-accordion_header-1926\" class=\"wgl-accordion_header\" data-default=\"\"><span class=\"wgl-accordion_title\">Gostaria de usar uma foto de Jos\u00e9 Afonso. Quem devo contactar?<\/span><i class=\"wgl-accordion_icon elementor-icon \"><\/i><\/h4><div class=\"wgl-accordion_content\"><p><span>Atrav\u00e9s do Centro de Documenta\u00e7\u00e3o Jos\u00e9 Afonso, a AJA disponibiliza fotos que nos foram cedidas por familiares e amigos. Temos tamb\u00e9m fotografias que carecem de autoriza\u00e7\u00e3o dos seus autores.<\/span><\/p><\/div><\/div><div class=\"wgl-accordion_panel\"><h4 id=\"wgl-accordion_header-1927\" class=\"wgl-accordion_header\" data-default=\"\"><span class=\"wgl-accordion_title\">Onde posso encontrar os discos de Jos\u00e9 Afonso?<\/span><i class=\"wgl-accordion_icon elementor-icon \"><\/i><\/h4><div class=\"wgl-accordion_content\"><p><span>A AJA vende os discos de Jos\u00e9 Afonso atrav\u00e9s da sua <a href=\"http:\/\/www.aja.pt\/loja\/\" target=\"_blank\" rel=\"noopener\">loja virtual<\/a>.<br \/>Se tiver alguma d\u00favida, contacte-nos atrav\u00e9s do email<a href=\"mailto:ajacomprar@gmail.com\"> ajacomprar@gmail.com<\/a><\/span><\/p><\/div><\/div><div class=\"wgl-accordion_panel\"><h4 id=\"wgl-accordion_header-1928\" class=\"wgl-accordion_header\" data-default=\"\"><span class=\"wgl-accordion_title\">Gostaria de gravar uma m\u00fasica de Jos\u00e9 Afonso. Como devo proceder?<\/span><i class=\"wgl-accordion_icon elementor-icon \"><\/i><\/h4><div class=\"wgl-accordion_content\"><p><span>A Associa\u00e7\u00e3o Jos\u00e9 Afonso n\u00e3o det\u00e9m quaisquer direitos sobre a obra de Jos\u00e9 Afonso, pelo que qualquer autoriza\u00e7\u00e3o passa obrigatoriamente pelo contacto com os herdeiros atrav\u00e9s da <a href=\"https:\/\/www.spautores.pt\/\" target=\"_blank\" rel=\"noopener\">Sociedade Portuguesa de Autores<\/a>.<\/span><span><\/span><\/p><\/div><\/div><\/div>\t\t<\/div>\n\t\t\t\t<\/div>\n\t\t\t\t\t<\/div>\n\t\t<\/div>\n\t\t\t\t\t\t\t<\/div>\n\t\t<\/section>\n\t\t\t\t<section class=\"elementor-section elementor-top-section elementor-element elementor-element-c09ecc3 elementor-section-boxed elementor-section-height-default elementor-section-height-default\" data-id=\"c09ecc3\" data-element_type=\"section\">\n\t\t\t\t\t\t<div class=\"elementor-container elementor-column-gap-default\">\n\t\t\t\t\t<div class=\"elementor-column elementor-col-100 elementor-top-column elementor-element elementor-element-c774b1e\" data-id=\"c774b1e\" data-element_type=\"column\">\n\t\t\t<div class=\"elementor-widget-wrap elementor-element-populated\">\n\t\t\t\t\t\t\t\t<div class=\"elementor-element elementor-element-d15d59a elementor-widget elementor-widget-spacer\" data-id=\"d15d59a\" data-element_type=\"widget\" data-widget_type=\"spacer.default\">\n\t\t\t\t<div class=\"elementor-widget-container\">\n\t\t\t\t\t<div class=\"elementor-spacer\">\n\t\t\t<div class=\"elementor-spacer-inner\"><\/div>\n\t\t<\/div>\n\t\t\t\t<\/div>\n\t\t\t\t<\/div>\n\t\t\t\t\t<\/div>\n\t\t<\/div>\n\t\t\t\t\t\t\t<\/div>\n\t\t<\/section>\n\t\t\t\t\t\t<\/div>\n\t\t\t\t\t<\/div>\n\t\t","protected":false},"excerpt":{"rendered":"<p>Quem foi Jos\u00e9 Afonso? Jos\u00e9 Afonso foi m\u00fasico, compositor, poeta e professor. A sua obra reflete um lirismo consciente e popular e a sua vida \u00e9 marcada por uma atitude cr\u00edtica e atenta ao mundo como espelha a sua poesia e m\u00fasica. Cidad\u00e3o ativo, convicto e comprometido com ideais da liberdade e igualdade entre todos [&hellip;]<\/p>\n","protected":false},"author":3,"featured_media":0,"parent":0,"menu_order":0,"comment_status":"closed","ping_status":"closed","template":"","meta":[],"_links":{"self":[{"href":"https:\/\/aja.pt\/en\/wp-json\/wp\/v2\/pages\/36562"}],"collection":[{"href":"https:\/\/aja.pt\/en\/wp-json\/wp\/v2\/pages"}],"about":[{"href":"https:\/\/aja.pt\/en\/wp-json\/wp\/v2\/types\/page"}],"author":[{"embeddable":true,"href":"https:\/\/aja.pt\/en\/wp-json\/wp\/v2\/users\/3"}],"replies":[{"embeddable":true,"href":"https:\/\/aja.pt\/en\/wp-json\/wp\/v2\/comments?post=36562"}],"version-history":[{"count":20,"href":"https:\/\/aja.pt\/en\/wp-json\/wp\/v2\/pages\/36562\/revisions"}],"predecessor-version":[{"id":44370,"href":"https:\/\/aja.pt\/en\/wp-json\/wp\/v2\/pages\/36562\/revisions\/44370"}],"wp:attachment":[{"href":"https:\/\/aja.pt\/en\/wp-json\/wp\/v2\/media?parent=36562"}],"curies":[{"name":"wp","href":"https:\/\/api.w.org\/{rel}","templated":true}]}}

<div data-elementor-type="wp-page" data-elementor-id="36562" class="elementor elementor-36562" data-elementor-settings="[]">
							<div class="elementor-section-wrap">
							<section class="elementor-section elementor-top-section elementor-element elementor-element-21608e8 elementor-section-boxed elementor-section-height-default elementor-section-height-default" data-id="21608e8" data-element_type="section">
						<div class="elementor-container elementor-column-gap-default">
					<div class="elementor-column elementor-col-100 elementor-top-column elementor-element elementor-element-d2d8438" data-id="d2d8438" data-element_type="column">
			<div class="elementor-widget-wrap elementor-element-populated">
								<div class="elementor-element elementor-element-b71cc88 elementor-view-default elementor-widget elementor-widget-wgl-toggle-accordion" data-id="b71cc88" data-element_type="widget" data-widget_type="wgl-toggle-accordion.default">
				<div class="elementor-widget-container">
			<div class="wgl-accordion icon-plus" id="wgl-accordion-b71cc88" data-type="toggle"><div class="wgl-accordion_panel"><h4 id="wgl-accordion_header-1921" class="wgl-accordion_header" data-default=""><span class="wgl-accordion_title">Quem foi José Afonso?</span><i class="wgl-accordion_icon elementor-icon "></i></h4><div class="wgl-accordion_content"><p>José Afonso foi músico, compositor, poeta e professor. A sua obra reflete um lirismo consciente e popular e a sua vida é marcada por uma atitude crítica e atenta ao mundo como espelha a sua poesia e música. Cidadão ativo, convicto e comprometido com ideais da liberdade e igualdade entre todos os humanos, bateu-se pela emancipação dos oprimidos, por um mundo justo, tanto enquanto docente, como enquanto artista. <br />Do fado coimbrão passou a uma nova forma de tocar e cantar a que se convencionou chamar a "balada", com «Menino de Ouro», em 1962, e daí à canção de intervenção política, de que são exemplo «Menino do Bairro Negro» e «Os Vampiros», em 1963. Superando fronteiras temáticas e musicais manteve-se sempre como cantor-compositor de grande criatividade e de profunda sensibilidade, divulgando a canção popular com novas interpretações, compondo com a mesma qualidade e mestria, ora canções de um lirismo tocante ora abordando temas de manifesto empenhamento político, expressão da sua solidariedade para com a causa dos explorados e oprimidos. </p></div></div><div class="wgl-accordion_panel"><h4 id="wgl-accordion_header-1922" class="wgl-accordion_header" data-default=""><span class="wgl-accordion_title">O que é a Associação José Afonso?</span><i class="wgl-accordion_icon elementor-icon "></i></h4><div class="wgl-accordion_content"><p><span>A Associação José Afonso é uma associação cultural e cívica, não confessional, formada em torno da memória e do exemplo de José Afonso, evocado no dia da apresentação pública ocorrida em 18 de Novembro de 1987, enquanto artista-militante, expoente de cultura aberta e universalizante, combatente de todas as causas verdadeiramente solidárias, como Homem, enfim. <a href="https://aja.pt/quem-somos/">Saiba mais aqui</a>.</span></p></div></div><div class="wgl-accordion_panel"><h4 id="wgl-accordion_header-1923" class="wgl-accordion_header" data-default=""><span class="wgl-accordion_title">Tenho material que gostaria de oferecer ao Centro de Documentação da Associação. Como fazê-lo?</span><i class="wgl-accordion_icon elementor-icon "></i></h4><div class="wgl-accordion_content"><p><span>Agradecemos todas as doações. Podemos deslocar-nos ou receber o material por e-mail ou presencialmente na sede nacional em Setúbal.<br /></span><span>Podemos guardar material só para arquivo, fazer cópias/digitalizações, ou com autorização dos proprietários, tornar o material disponível ao público.</span> </p></div></div><div class="wgl-accordion_panel"><h4 id="wgl-accordion_header-1924" class="wgl-accordion_header" data-default=""><span class="wgl-accordion_title">Como proceder para aceder aos arquivos do Centro de Documentação?</span><i class="wgl-accordion_icon elementor-icon "></i></h4><div class="wgl-accordion_content"><p>A Associação José Afonso conserva e tem organizado um acervo relacionado com a obra e vida de José Afonso, mas também das áreas culturais em que o mesmo se envolveu, assim como da época histórica e política em que Zeca viveu. O arquivo está aberto ao público. Para sua consulta basta contactar-nos a solicitar uma visita.</p></div></div><div class="wgl-accordion_panel"><h4 id="wgl-accordion_header-1925" class="wgl-accordion_header" data-default=""><span class="wgl-accordion_title">Como solicitar a instalação de uma exposição sobre a vida e a obra de José Afonso?</span><i class="wgl-accordion_icon elementor-icon "></i></h4><div class="wgl-accordion_content"><p>A Associação José Afonso tem exposições que contextualizam a obra e vida de José Afonso. Todas as exposições referidas na nossa página podem ser requeridas para instalação por parte de entidades públicas ou privadas (culturais, desportivas, estudantis, câmaras municipais, juntas de freguesia, por exemplo) através dos meios de contacto da associação, nomeadamente site, email, redes sociais, telefone e correio postal. As mesmas devem ser levantadas e entregues na sede nacional da AJA em Setúbal.</p></div></div><div class="wgl-accordion_panel"><h4 id="wgl-accordion_header-1926" class="wgl-accordion_header" data-default=""><span class="wgl-accordion_title">Gostaria de usar uma foto de José Afonso. Quem devo contactar?</span><i class="wgl-accordion_icon elementor-icon "></i></h4><div class="wgl-accordion_content"><p><span>Através do Centro de Documentação José Afonso, a AJA disponibiliza fotos que nos foram cedidas por familiares e amigos. Temos também fotografias que carecem de autorização dos seus autores.</span></p></div></div><div class="wgl-accordion_panel"><h4 id="wgl-accordion_header-1927" class="wgl-accordion_header" data-default=""><span class="wgl-accordion_title">Onde posso encontrar os discos de José Afonso?</span><i class="wgl-accordion_icon elementor-icon "></i></h4><div class="wgl-accordion_content"><p><span>A AJA vende os discos de José Afonso através da sua <a href="http://www.aja.pt/loja/" target="_blank" rel="noopener">loja virtual</a>.<br />Se tiver alguma dúvida, contacte-nos através do email<a href="mailto:ajacomprar@gmail.com"> ajacomprar@gmail.com</a></span></p></div></div><div class="wgl-accordion_panel"><h4 id="wgl-accordion_header-1928" class="wgl-accordion_header" data-default=""><span class="wgl-accordion_title">Gostaria de gravar uma música de José Afonso. Como devo proceder?</span><i class="wgl-accordion_icon elementor-icon "></i></h4><div class="wgl-accordion_content"><p><span>A Associação José Afonso não detém quaisquer direitos sobre a obra de José Afonso, pelo que qualquer autorização passa obrigatoriamente pelo contacto com os herdeiros através da <a href="https://www.spautores.pt/" target="_blank" rel="noopener">Sociedade Portuguesa de Autores</a>.</span><span></span></p></div></div></div>		</div>
				</div>
					</div>
		</div>
							</div>
		</section>
				<section class="elementor-section elementor-top-section elementor-element elementor-element-c09ecc3 elementor-section-boxed elementor-section-height-default elementor-section-height-default" data-id="c09ecc3" data-element_type="section">
						<div class="elementor-container elementor-column-gap-default">
					<div class="elementor-column elementor-col-100 elementor-top-column elementor-element elementor-element-c774b1e" data-id="c774b1e" data-element_type="column">
			<div class="elementor-widget-wrap elementor-element-populated">
								<div class="elementor-element elementor-element-d15d59a elementor-widget elementor-widget-spacer" data-id="d15d59a" data-element_type="widget" data-widget_type="spacer.default">
				<div class="elementor-widget-container">
					<div class="elementor-spacer">
			<div class="elementor-spacer-inner"></div>
		</div>
				</div>
				</div>
					</div>
		</div>
							</div>
		</section>
						</div>
					</div>

<p>Quem foi José Afonso? José Afonso foi músico, compositor, poeta e professor. A sua obra reflete um lirismo consciente e popular e a sua vida é marcada por uma atitude crítica e atenta ao mundo como espelha a sua poesia e música. Cidadão ativo, convicto e comprometido com ideais da liberdade e igualdade entre todos [&hellip;]</p>
