{"id":37043,"date":"2022-02-26T17:58:10","date_gmt":"2022-02-26T17:58:10","guid":{"rendered":"https:\/\/aja.pt\/wp-content\/uploads\/2022\/02\/Festa-de-Amizade-com-Zeca-Afonso-5-de-fevereiro-de-1983.jpg"},"modified":"2022-02-27T21:51:54","modified_gmt":"2022-02-27T21:51:54","slug":"festa-de-amizade-com-zeca-afonso-5-de-fevereiro-de-1983-2","status":"inherit","type":"attachment","link":"https:\/\/aja.pt\/en\/festa-de-amizade-com-zeca-afonso-5-de-fevereiro-de-1983-2\/","title":{"rendered":"Festa de Amizade com Zeca Afonso &#8211; 5 de fevereiro de 1983"},"author":3,"comment_status":"open","ping_status":"closed","template":"","meta":[],"description":{"rendered":"<p class=\"attachment\"><a href='https:\/\/aja.pt\/wp-content\/uploads\/2022\/02\/Festa-de-Amizade-com-Zeca-Afonso-5-de-fevereiro-de-1983.jpg'><img width=\"300\" height=\"229\" src=\"https:\/\/aja.pt\/wp-content\/uploads\/2022\/02\/Festa-de-Amizade-com-Zeca-Afonso-5-de-fevereiro-de-1983-300x229.jpg\" class=\"attachment-medium size-medium\" alt=\"\" loading=\"lazy\" srcset=\"https:\/\/aja.pt\/wp-content\/uploads\/2022\/02\/Festa-de-Amizade-com-Zeca-Afonso-5-de-fevereiro-de-1983-300x229.jpg 300w, https:\/\/aja.pt\/wp-content\/uploads\/2022\/02\/Festa-de-Amizade-com-Zeca-Afonso-5-de-fevereiro-de-1983-1140x871.jpg 1140w, https:\/\/aja.pt\/wp-content\/uploads\/2022\/02\/Festa-de-Amizade-com-Zeca-Afonso-5-de-fevereiro-de-1983-1024x783.jpg 1024w, https:\/\/aja.pt\/wp-content\/uploads\/2022\/02\/Festa-de-Amizade-com-Zeca-Afonso-5-de-fevereiro-de-1983-768x587.jpg 768w, https:\/\/aja.pt\/wp-content\/uploads\/2022\/02\/Festa-de-Amizade-com-Zeca-Afonso-5-de-fevereiro-de-1983-1536x1174.jpg 1536w, https:\/\/aja.pt\/wp-content\/uploads\/2022\/02\/Festa-de-Amizade-com-Zeca-Afonso-5-de-fevereiro-de-1983.jpg 1600w\" sizes=\"(max-width: 300px) 100vw, 300px\" \/><\/a><\/p>\n"},"caption":{"rendered":"<p>Jos\u00e9 Afonso com Janita Salom\u00e9, Vitorino e J\u00falio Pereira na Festa de Amizade, nas Caldas da Rainha com Jos\u00e9 Afonso &#8211; 5.2.1983<\/p>\n"},"alt_text":"","media_type":"image","mime_type":"image\/jpeg","media_details":{"width":1600,"height":1223,"file":"2022\/02\/Festa-de-Amizade-com-Zeca-Afonso-5-de-fevereiro-de-1983.jpg","sizes":{"woocommerce_thumbnail":{"file":"Festa-de-Amizade-com-Zeca-Afonso-5-de-fevereiro-de-1983-540x540.jpg","width":540,"height":540,"uncropped":false,"mime_type":"image\/jpeg","source_url":"https:\/\/aja.pt\/wp-content\/uploads\/2022\/02\/Festa-de-Amizade-com-Zeca-Afonso-5-de-fevereiro-de-1983-540x540.jpg"},"woocommerce_gallery_thumbnail":{"file":"Festa-de-Amizade-com-Zeca-Afonso-5-de-fevereiro-de-1983-240x240.jpg","width":240,"height":240,"mime_type":"image\/jpeg","source_url":"https:\/\/aja.pt\/wp-content\/uploads\/2022\/02\/Festa-de-Amizade-com-Zeca-Afonso-5-de-fevereiro-de-1983-240x240.jpg"},"woocommerce_single":{"file":"Festa-de-Amizade-com-Zeca-Afonso-5-de-fevereiro-de-1983-1140x871.jpg","width":1140,"height":871,"mime_type":"image\/jpeg","source_url":"https:\/\/aja.pt\/wp-content\/uploads\/2022\/02\/Festa-de-Amizade-com-Zeca-Afonso-5-de-fevereiro-de-1983-1140x871.jpg"},"medium":{"file":"Festa-de-Amizade-com-Zeca-Afonso-5-de-fevereiro-de-1983-300x229.jpg","width":300,"height":229,"mime_type":"image\/jpeg","source_url":"https:\/\/aja.pt\/wp-content\/uploads\/2022\/02\/Festa-de-Amizade-com-Zeca-Afonso-5-de-fevereiro-de-1983-300x229.jpg"},"large":{"file":"Festa-de-Amizade-com-Zeca-Afonso-5-de-fevereiro-de-1983-1024x783.jpg","width":1024,"height":783,"mime_type":"image\/jpeg","source_url":"https:\/\/aja.pt\/wp-content\/uploads\/2022\/02\/Festa-de-Amizade-com-Zeca-Afonso-5-de-fevereiro-de-1983-1024x783.jpg"},"thumbnail":{"file":"Festa-de-Amizade-com-Zeca-Afonso-5-de-fevereiro-de-1983-150x150.jpg","width":150,"height":150,"mime_type":"image\/jpeg","source_url":"https:\/\/aja.pt\/wp-content\/uploads\/2022\/02\/Festa-de-Amizade-com-Zeca-Afonso-5-de-fevereiro-de-1983-150x150.jpg"},"medium_large":{"file":"Festa-de-Amizade-com-Zeca-Afonso-5-de-fevereiro-de-1983-768x587.jpg","width":768,"height":587,"mime_type":"image\/jpeg","source_url":"https:\/\/aja.pt\/wp-content\/uploads\/2022\/02\/Festa-de-Amizade-com-Zeca-Afonso-5-de-fevereiro-de-1983-768x587.jpg"},"1536x1536":{"file":"Festa-de-Amizade-com-Zeca-Afonso-5-de-fevereiro-de-1983-1536x1174.jpg","width":1536,"height":1174,"mime_type":"image\/jpeg","source_url":"https:\/\/aja.pt\/wp-content\/uploads\/2022\/02\/Festa-de-Amizade-com-Zeca-Afonso-5-de-fevereiro-de-1983-1536x1174.jpg"},"shop_catalog":{"file":"Festa-de-Amizade-com-Zeca-Afonso-5-de-fevereiro-de-1983-540x540.jpg","width":540,"height":540,"uncropped":false,"mime_type":"image\/jpeg","source_url":"https:\/\/aja.pt\/wp-content\/uploads\/2022\/02\/Festa-de-Amizade-com-Zeca-Afonso-5-de-fevereiro-de-1983-540x540.jpg"},"shop_single":{"file":"Festa-de-Amizade-com-Zeca-Afonso-5-de-fevereiro-de-1983-1140x871.jpg","width":1140,"height":871,"mime_type":"image\/jpeg","source_url":"https:\/\/aja.pt\/wp-content\/uploads\/2022\/02\/Festa-de-Amizade-com-Zeca-Afonso-5-de-fevereiro-de-1983-1140x871.jpg"},"shop_thumbnail":{"file":"Festa-de-Amizade-com-Zeca-Afonso-5-de-fevereiro-de-1983-240x240.jpg","width":240,"height":240,"mime_type":"image\/jpeg","source_url":"https:\/\/aja.pt\/wp-content\/uploads\/2022\/02\/Festa-de-Amizade-com-Zeca-Afonso-5-de-fevereiro-de-1983-240x240.jpg"},"audioigniter_cover":{"file":"Festa-de-Amizade-com-Zeca-Afonso-5-de-fevereiro-de-1983-560x560.jpg","width":560,"height":560,"mime_type":"image\/jpeg","source_url":"https:\/\/aja.pt\/wp-content\/uploads\/2022\/02\/Festa-de-Amizade-com-Zeca-Afonso-5-de-fevereiro-de-1983-560x560.jpg"},"full":{"file":"Festa-de-Amizade-com-Zeca-Afonso-5-de-fevereiro-de-1983.jpg","width":1600,"height":1223,"mime_type":"image\/jpeg","source_url":"https:\/\/aja.pt\/wp-content\/uploads\/2022\/02\/Festa-de-Amizade-com-Zeca-Afonso-5-de-fevereiro-de-1983.jpg"}},"image_meta":{"aperture":"0","credit":"","camera":"","caption":"","created_timestamp":"0","copyright":"","focal_length":"0","iso":"0","shutter_speed":"0","title":"","orientation":"0","keywords":[]}},"post":null,"source_url":"https:\/\/aja.pt\/wp-content\/uploads\/2022\/02\/Festa-de-Amizade-com-Zeca-Afonso-5-de-fevereiro-de-1983.jpg","_links":{"self":[{"href":"https:\/\/aja.pt\/en\/wp-json\/wp\/v2\/media\/37043"}],"collection":[{"href":"https:\/\/aja.pt\/en\/wp-json\/wp\/v2\/media"}],"about":[{"href":"https:\/\/aja.pt\/en\/wp-json\/wp\/v2\/types\/attachment"}],"author":[{"embeddable":true,"href":"https:\/\/aja.pt\/en\/wp-json\/wp\/v2\/users\/3"}],"replies":[{"embeddable":true,"href":"https:\/\/aja.pt\/en\/wp-json\/wp\/v2\/comments?post=37043"}]}}

<p>José Afonso com Janita Salomé, Vitorino e Júlio Pereira na Festa de Amizade, nas Caldas da Rainha com José Afonso &#8211; 5.2.1983</p>
