{"id":37037,"date":"2022-02-26T17:53:12","date_gmt":"2022-02-26T17:53:12","guid":{"rendered":"https:\/\/aja.pt\/wp-content\/uploads\/2022\/02\/Zeca-fotos-Ullman-2.png"},"modified":"2022-02-26T17:53:22","modified_gmt":"2022-02-26T17:53:22","slug":"zeca-fotos-ullman-2-2","status":"inherit","type":"attachment","link":"https:\/\/aja.pt\/en\/zeca-fotos-ullman-2-2\/","title":{"rendered":"Zeca-fotos-Ullman-2"},"author":3,"comment_status":"open","ping_status":"closed","template":"","meta":[],"description":{"rendered":"<p class=\"attachment\"><a href='https:\/\/aja.pt\/wp-content\/uploads\/2022\/02\/Zeca-fotos-Ullman-2.png'><img width=\"219\" height=\"300\" src=\"https:\/\/aja.pt\/wp-content\/uploads\/2022\/02\/Zeca-fotos-Ullman-2-219x300.png\" class=\"attachment-medium size-medium\" alt=\"\" loading=\"lazy\" srcset=\"https:\/\/aja.pt\/wp-content\/uploads\/2022\/02\/Zeca-fotos-Ullman-2-219x300.png 219w, https:\/\/aja.pt\/wp-content\/uploads\/2022\/02\/Zeca-fotos-Ullman-2-746x1024.png 746w, https:\/\/aja.pt\/wp-content\/uploads\/2022\/02\/Zeca-fotos-Ullman-2-768x1054.png 768w, https:\/\/aja.pt\/wp-content\/uploads\/2022\/02\/Zeca-fotos-Ullman-2.png 1000w\" sizes=\"(max-width: 219px) 100vw, 219px\" \/><\/a><\/p>\n"},"caption":{"rendered":"<p> Jos\u00e9 Afonso durante as grava\u00e7\u00f5es do disco \u00abCantigas do Maio\u00bb (\u00a9Foto: Patrick Ullman) <\/p>\n"},"alt_text":"","media_type":"image","mime_type":"image\/png","media_details":{"width":1000,"height":1372,"file":"2022\/02\/Zeca-fotos-Ullman-2.png","sizes":{"woocommerce_thumbnail":{"file":"Zeca-fotos-Ullman-2-540x540.png","width":540,"height":540,"uncropped":false,"mime_type":"image\/png","source_url":"https:\/\/aja.pt\/wp-content\/uploads\/2022\/02\/Zeca-fotos-Ullman-2-540x540.png"},"woocommerce_gallery_thumbnail":{"file":"Zeca-fotos-Ullman-2-240x240.png","width":240,"height":240,"mime_type":"image\/png","source_url":"https:\/\/aja.pt\/wp-content\/uploads\/2022\/02\/Zeca-fotos-Ullman-2-240x240.png"},"medium":{"file":"Zeca-fotos-Ullman-2-219x300.png","width":219,"height":300,"mime_type":"image\/png","source_url":"https:\/\/aja.pt\/wp-content\/uploads\/2022\/02\/Zeca-fotos-Ullman-2-219x300.png"},"large":{"file":"Zeca-fotos-Ullman-2-746x1024.png","width":746,"height":1024,"mime_type":"image\/png","source_url":"https:\/\/aja.pt\/wp-content\/uploads\/2022\/02\/Zeca-fotos-Ullman-2-746x1024.png"},"thumbnail":{"file":"Zeca-fotos-Ullman-2-150x150.png","width":150,"height":150,"mime_type":"image\/png","source_url":"https:\/\/aja.pt\/wp-content\/uploads\/2022\/02\/Zeca-fotos-Ullman-2-150x150.png"},"medium_large":{"file":"Zeca-fotos-Ullman-2-768x1054.png","width":768,"height":1054,"mime_type":"image\/png","source_url":"https:\/\/aja.pt\/wp-content\/uploads\/2022\/02\/Zeca-fotos-Ullman-2-768x1054.png"},"shop_catalog":{"file":"Zeca-fotos-Ullman-2-540x540.png","width":540,"height":540,"uncropped":false,"mime_type":"image\/png","source_url":"https:\/\/aja.pt\/wp-content\/uploads\/2022\/02\/Zeca-fotos-Ullman-2-540x540.png"},"shop_thumbnail":{"file":"Zeca-fotos-Ullman-2-240x240.png","width":240,"height":240,"mime_type":"image\/png","source_url":"https:\/\/aja.pt\/wp-content\/uploads\/2022\/02\/Zeca-fotos-Ullman-2-240x240.png"},"audioigniter_cover":{"file":"Zeca-fotos-Ullman-2-560x560.png","width":560,"height":560,"mime_type":"image\/png","source_url":"https:\/\/aja.pt\/wp-content\/uploads\/2022\/02\/Zeca-fotos-Ullman-2-560x560.png"},"full":{"file":"Zeca-fotos-Ullman-2.png","width":1000,"height":1372,"mime_type":"image\/png","source_url":"https:\/\/aja.pt\/wp-content\/uploads\/2022\/02\/Zeca-fotos-Ullman-2.png"}},"image_meta":{"aperture":"0","credit":"","camera":"","caption":"","created_timestamp":"0","copyright":"","focal_length":"0","iso":"0","shutter_speed":"0","title":"","orientation":"0","keywords":[]}},"post":null,"source_url":"https:\/\/aja.pt\/wp-content\/uploads\/2022\/02\/Zeca-fotos-Ullman-2.png","_links":{"self":[{"href":"https:\/\/aja.pt\/en\/wp-json\/wp\/v2\/media\/37037"}],"collection":[{"href":"https:\/\/aja.pt\/en\/wp-json\/wp\/v2\/media"}],"about":[{"href":"https:\/\/aja.pt\/en\/wp-json\/wp\/v2\/types\/attachment"}],"author":[{"embeddable":true,"href":"https:\/\/aja.pt\/en\/wp-json\/wp\/v2\/users\/3"}],"replies":[{"embeddable":true,"href":"https:\/\/aja.pt\/en\/wp-json\/wp\/v2\/comments?post=37037"}]}}

<p> José Afonso durante as gravações do disco «Cantigas do Maio» (©Foto: Patrick Ullman) </p>
