{"id":37015,"date":"2022-02-26T17:30:27","date_gmt":"2022-02-26T17:30:27","guid":{"rendered":"https:\/\/aja.pt\/wp-content\/uploads\/2022\/02\/Zeca-fotos-Ullman.png"},"modified":"2022-02-26T17:30:37","modified_gmt":"2022-02-26T17:30:37","slug":"zeca-fotos-ullman-2","status":"inherit","type":"attachment","link":"https:\/\/aja.pt\/en\/zeca-fotos-ullman-2\/","title":{"rendered":"Zeca-fotos-Ullman"},"author":3,"comment_status":"open","ping_status":"closed","template":"","meta":[],"description":{"rendered":"<p class=\"attachment\"><a href='https:\/\/aja.pt\/wp-content\/uploads\/2022\/02\/Zeca-fotos-Ullman.png'><img width=\"300\" height=\"210\" src=\"https:\/\/aja.pt\/wp-content\/uploads\/2022\/02\/Zeca-fotos-Ullman-300x210.png\" class=\"attachment-medium size-medium\" alt=\"\" loading=\"lazy\" srcset=\"https:\/\/aja.pt\/wp-content\/uploads\/2022\/02\/Zeca-fotos-Ullman-300x210.png 300w, https:\/\/aja.pt\/wp-content\/uploads\/2022\/02\/Zeca-fotos-Ullman-768x538.png 768w, https:\/\/aja.pt\/wp-content\/uploads\/2022\/02\/Zeca-fotos-Ullman.png 1000w\" sizes=\"(max-width: 300px) 100vw, 300px\" \/><\/a><\/p>\n"},"caption":{"rendered":"<p>Francisco Fanhais, J.A. e Jos\u00e9 M\u00e1rio Branco, Fran\u00e7a, 1971. (\u00a9Foto: Patrick Ullman) <\/p>\n"},"alt_text":"","media_type":"image","mime_type":"image\/png","media_details":{"width":1000,"height":701,"file":"2022\/02\/Zeca-fotos-Ullman.png","sizes":{"woocommerce_thumbnail":{"file":"Zeca-fotos-Ullman-540x540.png","width":540,"height":540,"uncropped":false,"mime_type":"image\/png","source_url":"https:\/\/aja.pt\/wp-content\/uploads\/2022\/02\/Zeca-fotos-Ullman-540x540.png"},"woocommerce_gallery_thumbnail":{"file":"Zeca-fotos-Ullman-240x240.png","width":240,"height":240,"mime_type":"image\/png","source_url":"https:\/\/aja.pt\/wp-content\/uploads\/2022\/02\/Zeca-fotos-Ullman-240x240.png"},"medium":{"file":"Zeca-fotos-Ullman-300x210.png","width":300,"height":210,"mime_type":"image\/png","source_url":"https:\/\/aja.pt\/wp-content\/uploads\/2022\/02\/Zeca-fotos-Ullman-300x210.png"},"thumbnail":{"file":"Zeca-fotos-Ullman-150x150.png","width":150,"height":150,"mime_type":"image\/png","source_url":"https:\/\/aja.pt\/wp-content\/uploads\/2022\/02\/Zeca-fotos-Ullman-150x150.png"},"medium_large":{"file":"Zeca-fotos-Ullman-768x538.png","width":768,"height":538,"mime_type":"image\/png","source_url":"https:\/\/aja.pt\/wp-content\/uploads\/2022\/02\/Zeca-fotos-Ullman-768x538.png"},"shop_catalog":{"file":"Zeca-fotos-Ullman-540x540.png","width":540,"height":540,"uncropped":false,"mime_type":"image\/png","source_url":"https:\/\/aja.pt\/wp-content\/uploads\/2022\/02\/Zeca-fotos-Ullman-540x540.png"},"shop_thumbnail":{"file":"Zeca-fotos-Ullman-240x240.png","width":240,"height":240,"mime_type":"image\/png","source_url":"https:\/\/aja.pt\/wp-content\/uploads\/2022\/02\/Zeca-fotos-Ullman-240x240.png"},"audioigniter_cover":{"file":"Zeca-fotos-Ullman-560x560.png","width":560,"height":560,"mime_type":"image\/png","source_url":"https:\/\/aja.pt\/wp-content\/uploads\/2022\/02\/Zeca-fotos-Ullman-560x560.png"},"full":{"file":"Zeca-fotos-Ullman.png","width":1000,"height":701,"mime_type":"image\/png","source_url":"https:\/\/aja.pt\/wp-content\/uploads\/2022\/02\/Zeca-fotos-Ullman.png"}},"image_meta":{"aperture":"0","credit":"","camera":"","caption":"","created_timestamp":"0","copyright":"","focal_length":"0","iso":"0","shutter_speed":"0","title":"","orientation":"0","keywords":[]}},"post":null,"source_url":"https:\/\/aja.pt\/wp-content\/uploads\/2022\/02\/Zeca-fotos-Ullman.png","_links":{"self":[{"href":"https:\/\/aja.pt\/en\/wp-json\/wp\/v2\/media\/37015"}],"collection":[{"href":"https:\/\/aja.pt\/en\/wp-json\/wp\/v2\/media"}],"about":[{"href":"https:\/\/aja.pt\/en\/wp-json\/wp\/v2\/types\/attachment"}],"author":[{"embeddable":true,"href":"https:\/\/aja.pt\/en\/wp-json\/wp\/v2\/users\/3"}],"replies":[{"embeddable":true,"href":"https:\/\/aja.pt\/en\/wp-json\/wp\/v2\/comments?post=37015"}]}}

<p>Francisco Fanhais, J.A. e José Mário Branco, França, 1971. (©Foto: Patrick Ullman) </p>
