{"id":35209,"date":"2022-01-07T16:26:41","date_gmt":"2022-01-07T16:26:41","guid":{"rendered":"https:\/\/aja.pt\/wp-content\/uploads\/2022\/01\/1988-franzjosefdegenhardt.jpg"},"modified":"2022-01-07T16:26:41","modified_gmt":"2022-01-07T16:26:41","slug":"dndd-2","status":"inherit","type":"attachment","link":"https:\/\/aja.pt\/en\/dndd-2\/","title":{"rendered":"\u00f0\u00f1\u00f0\u00f0"},"author":3,"comment_status":"open","ping_status":"closed","template":"","meta":[],"description":{"rendered":"<p class=\"attachment\"><a href='https:\/\/aja.pt\/wp-content\/uploads\/2022\/01\/1988-franzjosefdegenhardt.jpg'><img width=\"85\" height=\"85\" src=\"https:\/\/aja.pt\/wp-content\/uploads\/2022\/01\/1988-franzjosefdegenhardt.jpg\" class=\"attachment-medium size-medium\" alt=\"\" loading=\"lazy\" \/><\/a><\/p>\n"},"caption":{"rendered":"<p>\u00f0\u00f1\u00f0\u00f0<\/p>\n"},"alt_text":"","media_type":"image","mime_type":"image\/jpeg","media_details":{"width":85,"height":85,"file":"2022\/01\/1988-franzjosefdegenhardt.jpg","sizes":{},"image_meta":{"aperture":"0","credit":"","camera":"","caption":"\u00f0\u00f1\u00f0\u00f0","created_timestamp":"0","copyright":"","focal_length":"0","iso":"0","shutter_speed":"0","title":"\u00f0\u00f1\u00f0\u00f0","orientation":"1","keywords":[]}},"post":null,"source_url":"https:\/\/aja.pt\/wp-content\/uploads\/2022\/01\/1988-franzjosefdegenhardt.jpg","_links":{"self":[{"href":"https:\/\/aja.pt\/en\/wp-json\/wp\/v2\/media\/35209"}],"collection":[{"href":"https:\/\/aja.pt\/en\/wp-json\/wp\/v2\/media"}],"about":[{"href":"https:\/\/aja.pt\/en\/wp-json\/wp\/v2\/types\/attachment"}],"author":[{"embeddable":true,"href":"https:\/\/aja.pt\/en\/wp-json\/wp\/v2\/users\/3"}],"replies":[{"embeddable":true,"href":"https:\/\/aja.pt\/en\/wp-json\/wp\/v2\/comments?post=35209"}]}}

ðñðð

<p>ðñðð</p>
